[INFO] fetching crate nightfly 0.1.6...
[INFO] checking nightfly-0.1.6 against master#9610dfe5a9a731ced1ea4923ecbd0c57fe367898 for beta-170-4
[INFO] extracting crate nightfly 0.1.6 into /workspace/builds/worker-7-tc1/source
[INFO] validating manifest of crates.io crate nightfly 0.1.6 on toolchain 9610dfe5a9a731ced1ea4923ecbd0c57fe367898
[INFO] running `Command { std: CARGO_HOME="/workspace/cargo-home" RUSTUP_HOME="/workspace/rustup-home" "/workspace/cargo-home/bin/cargo" "+9610dfe5a9a731ced1ea4923ecbd0c57fe367898" "metadata" "--manifest-path" "Cargo.toml" "--no-deps", kill_on_drop: false }`
[INFO] removed /workspace/builds/worker-7-tc1/source/.cargo/config.toml
[INFO] started tweaking crates.io crate nightfly 0.1.6
[INFO] removed 0 missing examples
[INFO] removed 0 missing tests
[INFO] finished tweaking crates.io crate nightfly 0.1.6
[INFO] tweaked toml for crates.io crate nightfly 0.1.6 written to /workspace/builds/worker-7-tc1/source/Cargo.toml
[INFO] crate crates.io crate nightfly 0.1.6 already has a lockfile, it will not be regenerated
[INFO] running `Command { std: CARGO_HOME="/workspace/cargo-home" RUSTUP_HOME="/workspace/rustup-home" "/workspace/cargo-home/bin/cargo" "+9610dfe5a9a731ced1ea4923ecbd0c57fe367898" "fetch" "--manifest-path" "Cargo.toml", kill_on_drop: false }`
[INFO] [stderr]     Updating crates.io index
[INFO] [stderr]  Downloading crates ...
[INFO] [stderr]   Downloaded better-bae v0.1.9
[INFO] [stderr]   Downloaded better-bae-macros v0.1.9
[INFO] [stderr]   Downloaded lunatic-log v0.3.0
[INFO] [stderr]   Downloaded rust-format v0.3.4
[INFO] [stderr]   Downloaded cookie_store v0.15.1
[INFO] [stderr]   Downloaded lunatic-sys v0.13.0
[INFO] [stderr]   Downloaded lunatic-test v0.13.0
[INFO] [stderr]   Downloaded lunatic-macros v0.12.0
[INFO] [stderr]   Downloaded lunatic-test v0.12.0
[INFO] [stderr]   Downloaded lunatic-macros v0.13.0
[INFO] [stderr]   Downloaded submillisecond_macros v0.3.0
[INFO] [stderr]   Downloaded lunatic-log v0.4.0
[INFO] [stderr]   Downloaded aead v0.5.2
[INFO] [stderr]   Downloaded lunatic v0.12.1
[INFO] [stderr]   Downloaded submillisecond v0.3.0
[INFO] [stderr]   Downloaded ctr v0.9.2
[INFO] [stderr]   Downloaded lunatic v0.13.1
[INFO] running `Command { std: "docker" "create" "-v" "/var/lib/crater-agent-workspace/builds/worker-7-tc1/target:/opt/rustwide/target:rw,Z" "-v" "/var/lib/crater-agent-workspace/builds/worker-7-tc1/source:/opt/rustwide/workdir:ro,Z" "-v" "/var/lib/crater-agent-workspace/cargo-home:/opt/rustwide/cargo-home:ro,Z" "-v" "/var/lib/crater-agent-workspace/rustup-home:/opt/rustwide/rustup-home:ro,Z" "-e" "SOURCE_DIR=/opt/rustwide/workdir" "-e" "CARGO_TARGET_DIR=/opt/rustwide/target" "-e" "CARGO_HOME=/opt/rustwide/cargo-home" "-e" "RUSTUP_HOME=/opt/rustwide/rustup-home" "-w" "/opt/rustwide/workdir" "-m" "1610612736" "--user" "0:0" "--network" "none" "ghcr.io/rust-lang/crates-build-env/linux@sha256:19e73879b68f455e41552ea35293514db52ea292d993f571636dbffedb77a1ee" "/opt/rustwide/cargo-home/bin/cargo" "+9610dfe5a9a731ced1ea4923ecbd0c57fe367898" "metadata" "--no-deps" "--format-version=1", kill_on_drop: false }`
[INFO] [stdout] fb39e07bc309dcb4ab95812dbe8b327ef43fbe26056881a26200df19bb0a5a3a
[INFO] running `Command { std: "docker" "start" "-a" "fb39e07bc309dcb4ab95812dbe8b327ef43fbe26056881a26200df19bb0a5a3a", kill_on_drop: false }`
[INFO] running `Command { std: "docker" "inspect" "fb39e07bc309dcb4ab95812dbe8b327ef43fbe26056881a26200df19bb0a5a3a", kill_on_drop: false }`
[INFO] running `Command { std: "docker" "rm" "-f" "fb39e07bc309dcb4ab95812dbe8b327ef43fbe26056881a26200df19bb0a5a3a", kill_on_drop: false }`
[INFO] [stdout] fb39e07bc309dcb4ab95812dbe8b327ef43fbe26056881a26200df19bb0a5a3a
[INFO] running `Command { std: "docker" "create" "-v" "/var/lib/crater-agent-workspace/builds/worker-7-tc1/target:/opt/rustwide/target:rw,Z" "-v" "/var/lib/crater-agent-workspace/builds/worker-7-tc1/source:/opt/rustwide/workdir:ro,Z" "-v" "/var/lib/crater-agent-workspace/cargo-home:/opt/rustwide/cargo-home:ro,Z" "-v" "/var/lib/crater-agent-workspace/rustup-home:/opt/rustwide/rustup-home:ro,Z" "-e" "SOURCE_DIR=/opt/rustwide/workdir" "-e" "CARGO_TARGET_DIR=/opt/rustwide/target" "-e" "CARGO_INCREMENTAL=0" "-e" "RUST_BACKTRACE=full" "-e" "RUSTFLAGS=--cap-lints=forbid" "-e" "RUSTDOCFLAGS=--cap-lints=forbid" "-e" "CARGO_HOME=/opt/rustwide/cargo-home" "-e" "RUSTUP_HOME=/opt/rustwide/rustup-home" "-w" "/opt/rustwide/workdir" "-m" "1610612736" "--user" "0:0" "--network" "none" "ghcr.io/rust-lang/crates-build-env/linux@sha256:19e73879b68f455e41552ea35293514db52ea292d993f571636dbffedb77a1ee" "/opt/rustwide/cargo-home/bin/cargo" "+9610dfe5a9a731ced1ea4923ecbd0c57fe367898" "check" "--frozen" "--all" "--all-targets" "--message-format=json", kill_on_drop: false }`
[INFO] [stdout] 3e72bce848c9e42186bee2d1f9122311140d407667042c773d5e98ee96309986
[INFO] running `Command { std: "docker" "start" "-a" "3e72bce848c9e42186bee2d1f9122311140d407667042c773d5e98ee96309986", kill_on_drop: false }`
[INFO] [stderr]    Compiling proc-macro2 v1.0.56
[INFO] [stderr]    Compiling unicode-ident v1.0.8
[INFO] [stderr]    Compiling quote v1.0.26
[INFO] [stderr]    Compiling libc v0.2.141
[INFO] [stderr]    Compiling generic-array v0.14.7
[INFO] [stderr]    Compiling serde_derive v1.0.160
[INFO] [stderr]    Compiling serde v1.0.160
[INFO] [stderr]     Checking subtle v2.4.1
[INFO] [stderr]     Checking tinyvec_macros v0.1.1
[INFO] [stderr]     Checking cpufeatures v0.2.6
[INFO] [stderr]    Compiling thiserror v1.0.40
[INFO] [stderr]     Checking percent-encoding v2.2.0
[INFO] [stderr]    Compiling num-traits v0.2.15
[INFO] [stderr]     Checking unicode-bidi v0.3.13
[INFO] [stderr]    Compiling num-integer v0.1.45
[INFO] [stderr]    Compiling unicase v2.6.0
[INFO] [stderr]    Compiling proc-macro-error-attr v1.0.4
[INFO] [stderr]     Checking tinyvec v1.6.0
[INFO] [stderr]     Checking fnv v1.0.7
[INFO] [stderr]     Checking bytes v1.4.0
[INFO] [stderr]     Checking form_urlencoded v1.1.0
[INFO] [stderr]    Compiling standback v0.2.17
[INFO] [stderr]    Compiling proc-macro-error v1.0.4
[INFO] [stderr]     Checking opaque-debug v0.3.0
[INFO] [stderr]    Compiling unicode-segmentation v1.10.1
[INFO] [stderr]     Checking ppv-lite86 v0.2.17
[INFO] [stderr]     Checking iana-time-zone v0.1.56
[INFO] [stderr]    Compiling httparse v1.8.0
[INFO] [stderr]    Compiling cookie v0.15.2
[INFO] [stderr]     Checking base64 v0.13.1
[INFO] [stderr]     Checking alloc-no-stdlib v2.0.4
[INFO] [stderr]    Compiling time-core v0.1.0
[INFO] [stderr]    Compiling heck v0.4.1
[INFO] [stderr]     Checking http v0.2.9
[INFO] [stderr]    Compiling time-macros v0.2.8
[INFO] [stderr]     Checking alloc-stdlib v0.2.2
[INFO] [stderr]    Compiling aho-corasick v0.7.20
[INFO] [stderr]    Compiling mime_guess v2.0.4
[INFO] [stderr]    Compiling convert_case v0.6.0
[INFO] [stderr]    Compiling cookie v0.16.2
[INFO] [stderr]     Checking mime v0.3.17
[INFO] [stderr]     Checking lunatic-sys v0.13.0
[INFO] [stderr]     Checking psl-types v2.0.11
[INFO] [stderr]     Checking matches v0.1.10
[INFO] [stderr]     Checking miniz_oxide v0.6.2
[INFO] [stderr]     Checking unicode-normalization v0.1.22
[INFO] [stderr]    Compiling rust-format v0.3.4
[INFO] [stderr]     Checking block-buffer v0.10.4
[INFO] [stderr]     Checking inout v0.1.3
[INFO] [stderr]     Checking brotli-decompressor v2.3.4
[INFO] [stderr]     Checking yansi v0.5.1
[INFO] [stderr]     Checking pin-project-lite v0.2.9
[INFO] [stderr]    Compiling syn v1.0.109
[INFO] [stderr]    Compiling syn v2.0.15
[INFO] [stderr]    Compiling lazy_static v1.4.0
[INFO] [stderr]     Checking utf-8 v0.7.6
[INFO] [stderr]     Checking base64 v0.20.0
[INFO] [stderr]     Checking httpdate v1.0.2
[INFO] [stderr]     Checking headers-core v0.2.0
[INFO] [stderr]     Checking getrandom v0.2.9
[INFO] [stderr]     Checking time v0.1.45
[INFO] [stderr]     Checking http-body v0.4.5
[INFO] [stderr]     Checking idna v0.3.0
[INFO] [stderr]     Checking idna v0.2.3
[INFO] [stderr]     Checking flate2 v1.0.25
[INFO] [stderr]     Checking encoding_rs v0.8.32
[INFO] [stderr]     Checking rand_core v0.6.4
[INFO] [stderr]    Compiling regex v1.7.3
[INFO] [stderr]     Checking tower-service v0.3.2
[INFO] [stderr]     Checking crypto-common v0.1.6
[INFO] [stderr]     Checking chrono v0.4.24
[INFO] [stderr]     Checking rand_chacha v0.3.1
[INFO] [stderr]     Checking base64ct v1.6.0
[INFO] [stderr]     Checking digest v0.10.6
[INFO] [stderr]     Checking universal-hash v0.5.0
[INFO] [stderr]     Checking cipher v0.4.4
[INFO] [stderr]     Checking rand v0.8.5
[INFO] [stderr]     Checking polyval v0.6.0
[INFO] [stderr]     Checking aead v0.5.2
[INFO] [stderr]     Checking publicsuffix v2.2.3
[INFO] [stderr]     Checking sha1 v0.10.5
[INFO] [stderr]     Checking sha2 v0.10.6
[INFO] [stderr]     Checking aes v0.8.2
[INFO] [stderr]     Checking ghash v0.5.0
[INFO] [stderr]     Checking ctr v0.9.2
[INFO] [stderr]     Checking hmac v0.12.1
[INFO] [stderr]     Checking ipnet v2.7.2
[INFO] [stderr]     Checking headers v0.3.8
[INFO] [stderr]     Checking brotli v3.3.4
[INFO] [stderr]     Checking aes-gcm v0.10.1
[INFO] [stderr]     Checking time v0.3.20
[INFO] [stderr]    Compiling thiserror-impl v1.0.40
[INFO] [stderr]    Compiling darling_core v0.14.4
[INFO] [stderr]    Compiling time-macros-impl v0.1.2
[INFO] [stderr]    Compiling lunatic-test v0.12.0
[INFO] [stderr]    Compiling lunatic-macros v0.12.0
[INFO] [stderr]    Compiling lunatic-test v0.13.0
[INFO] [stderr]    Compiling better-bae-macros v0.1.9
[INFO] [stderr]    Compiling better-bae v0.1.9
[INFO] [stderr]     Checking time-macros v0.1.1
[INFO] [stderr]    Compiling submillisecond_macros v0.3.0
[INFO] [stderr]     Checking time v0.2.27
[INFO] [stderr]    Compiling darling_macro v0.14.4
[INFO] [stderr]    Compiling darling v0.14.4
[INFO] [stderr]    Compiling lunatic-macros v0.13.0
[INFO] [stderr]     Checking bincode v1.3.3
[INFO] [stderr]     Checking url v2.3.1
[INFO] [stderr]     Checking serde_json v1.0.96
[INFO] [stderr]     Checking serde_urlencoded v0.7.1
[INFO] [stderr]     Checking serde_bytes v0.11.9
[INFO] [stderr]     Checking lunatic v0.12.1
[INFO] [stderr]     Checking lunatic v0.13.1
[INFO] [stderr]     Checking tungstenite v0.18.0
[INFO] [stdout] error[E0512]: cannot transmute between types of different sizes, or dependently-sized types
[INFO] [stdout]    --> /opt/rustwide/cargo-home/registry/src/index.crates.io-6f17d22bba15001f/lunatic-0.12.1/src/mailbox.rs:312:51
[INFO] [stdout]     |
[INFO] [stdout] 312 |     let function: fn(C, Mailbox<M, S>) = unsafe { std::mem::transmute(function) };
[INFO] [stdout]     |                                                   ^^^^^^^^^^^^^^^^^^^
[INFO] [stdout]     |
[INFO] [stdout]     = note: source type: `i32` (32 bits)
[INFO] [stdout]     = note: target type: `fn(C, Mailbox<M, S>)` (64 bits)
[INFO] [stdout] 
[INFO] [stdout] 
[INFO] [stdout] error[E0512]: cannot transmute between types of different sizes, or dependently-sized types
[INFO] [stdout]   --> /opt/rustwide/cargo-home/registry/src/index.crates.io-6f17d22bba15001f/lunatic-0.12.1/src/host/mod.rs:73:38
[INFO] [stdout]    |
[INFO] [stdout] 73 |     let function: fn(i32) = unsafe { std::mem::transmute(function) };
[INFO] [stdout]    |                                      ^^^^^^^^^^^^^^^^^^^
[INFO] [stdout]    |
[INFO] [stdout]    = note: source type: `i32` (32 bits)
[INFO] [stdout]    = note: target type: `fn(i32)` (64 bits)
[INFO] [stdout] 
[INFO] [stdout] 
[INFO] [stderr]     Checking cookie_store v0.15.1
[INFO] [stdout] error[E0512]: cannot transmute between types of different sizes, or dependently-sized types
[INFO] [stdout]    --> /opt/rustwide/cargo-home/registry/src/index.crates.io-6f17d22bba15001f/lunatic-0.12.1/src/process.rs:321:18
[INFO] [stdout]     |
[INFO] [stdout] 321 |         unsafe { std::mem::transmute(entry) };
[INFO] [stdout]     |                  ^^^^^^^^^^^^^^^^^^^
[INFO] [stdout]     |
[INFO] [stdout]     = note: source type: `i32` (32 bits)
[INFO] [stdout]     = note: target type: `fn(ProcessRef<T>, <T as AbstractProcess>::Arg) -> <T as AbstractProcess>::State` (64 bits)
[INFO] [stdout] 
[INFO] [stdout] 
[INFO] [stdout] error[E0512]: cannot transmute between types of different sizes, or dependently-sized types
[INFO] [stdout]    --> /opt/rustwide/cargo-home/registry/src/index.crates.io-6f17d22bba15001f/lunatic-0.12.1/src/process.rs:352:70
[INFO] [stdout]     |
[INFO] [stdout] 352 |                     let handler: fn(state: &mut T::State) = unsafe { std::mem::transmute(handler) };
[INFO] [stdout]     |                                                                      ^^^^^^^^^^^^^^^^^^^
[INFO] [stdout]     |
[INFO] [stdout]     = note: source type: `i32` (32 bits)
[INFO] [stdout]     = note: target type: `for<'a> fn(&'a mut <T as AbstractProcess>::State)` (64 bits)
[INFO] [stdout] 
[INFO] [stdout] 
[INFO] [stdout] error[E0512]: cannot transmute between types of different sizes, or dependently-sized types
[INFO] [stdout]    --> /opt/rustwide/cargo-home/registry/src/index.crates.io-6f17d22bba15001f/lunatic-0.12.1/src/process.rs:357:34
[INFO] [stdout]     |
[INFO] [stdout] 357 |                         unsafe { std::mem::transmute(handler) };
[INFO] [stdout]     |                                  ^^^^^^^^^^^^^^^^^^^
[INFO] [stdout]     |
[INFO] [stdout]     = note: source type: `i32` (32 bits)
[INFO] [stdout]     = note: target type: `for<'a> fn(&'a mut <T as AbstractProcess>::State, Process<()>)` (64 bits)
[INFO] [stdout] 
[INFO] [stdout] 
[INFO] [stdout] error[E0512]: cannot transmute between types of different sizes, or dependently-sized types
[INFO] [stdout]    --> /opt/rustwide/cargo-home/registry/src/index.crates.io-6f17d22bba15001f/lunatic-0.12.1/src/protocol.rs:342:55
[INFO] [stdout]     |
[INFO] [stdout] 342 |     let function: fn(C, Protocol<P, S, Z>) = unsafe { std::mem::transmute(function) };
[INFO] [stdout]     |                                                       ^^^^^^^^^^^^^^^^^^^
[INFO] [stdout]     |
[INFO] [stdout]     = note: source type: `i32` (32 bits)
[INFO] [stdout]     = note: target type: `fn(C, Protocol<P, S, Z>)` (64 bits)
[INFO] [stdout] 
[INFO] [stdout] 
[INFO] [stdout] error: aborting due to 6 previous errors
[INFO] [stdout] 
[INFO] [stdout] 
[INFO] [stdout] For more information about this error, try `rustc --explain E0512`.
[INFO] [stdout] 
[INFO] [stderr] error: could not compile `lunatic` (lib) due to 7 previous errors
[INFO] [stderr] warning: build failed, waiting for other jobs to finish...
[INFO] running `Command { std: "docker" "inspect" "3e72bce848c9e42186bee2d1f9122311140d407667042c773d5e98ee96309986", kill_on_drop: false }`
[INFO] running `Command { std: "docker" "rm" "-f" "3e72bce848c9e42186bee2d1f9122311140d407667042c773d5e98ee96309986", kill_on_drop: false }`
[INFO] [stdout] 3e72bce848c9e42186bee2d1f9122311140d407667042c773d5e98ee96309986
